s of 8311?
8311
List the prime factors of 552.
2, 3, 23
What are the prime factors of 2014?
2, 19, 53
List the prime factors of 5547.
3, 43
List the prime factors of 1595.
5, 11, 29
List the prime factors of 7628.
2, 1907
List the prime factors of 46600.
2, 5, 233
List the prime factors of 2138.
2, 1069
List the prime factors of 6964.
2, 1741
What are the prime factors of 5769?
3, 641
What are the prime factors of 8099?
7, 13, 89
What are the prime factors of 2095?
5, 419
What are the prime factors of 4522?
2, 7, 17, 19
List the prime factors of 1092.
2, 3, 7, 13
List the prime factors of 1271.
31, 41
List the prime factors of 15685.
5, 3137
What are the prime factors of 13648?
2, 853
List the prime factors of 373.
373
What are the prime factors of 271?
271
What are the prime factors of 6238?
2, 3119
List the prime factors of 148452.
2, 3, 89, 139
What are the prime factors of 1012?
2, 11, 23
What are the prime factors of 239?
239
List the prime factors of 12340.
2, 5, 617
What are the prime factors of 40981?
107, 383
List the prime factors of 1014.
2, 3, 13
What are the prime factors of 3535?
5, 7, 101
What are the prime factors of 1449?
3, 7, 23
What are the prime factors of 2619?
3, 97
What are the prime factors of 22347?
3, 13, 191
What are the prime factors of 20251?
7, 11, 263
List the prime factors of 700.
2, 5, 7
List the prime factors of 584.
2, 73
List the prime factors of 3266.
2, 23, 71
List the prime factors of 46585.
5, 7, 11
What are the prime factors of 2740?
2, 5, 137
What are the prime factors of 82007?
82007
List the prime factors of 103365.
3, 5, 2297
List the prime factors of 5558.
2, 7, 397
What are the prime factors of 2591?
2591
List the prime factors of 3814.
2, 1907
What are the prime factors of 248?
2, 31
What are the prime factors of 1477?
7, 211
List the prime factors of 1010.
2, 5, 101
List the prime factors of 3546.
2, 3, 197
What are the prime factors of 13470?
2, 3, 5, 449
List the prime factors of 2015.
5, 13, 31
List the prime factors of 168.
2, 3, 7
List the prime factors of 972.
2, 3
List the prime factors of 3068.
2, 13, 59
What are the prime factors of 1272?
2, 3, 53
What are the prime factors of 15886?
2, 13, 47
List the prime factors of 3881.
3881
List the prime factors of 594.
2, 3, 11
List the prime factors of 883.
883
List the prime factors of 4469.
41, 109
What are the prime factors of 2804?
2, 701
What are the prime factors of 8?
2
What are the prime factors of 1096?
2, 137
What are the prime factors of 69796?
2, 17449
List the prime factors of 795.
3, 5, 53
What are the prime factors of 3391?
3391
List the prime factors of 102960.
2, 3, 5, 11, 13
What are the prime factors of 13333?
67, 199
What are the prime factors of 10961?
97, 113
What are the prime factors of 368?
2, 23
List the prime factors of 142896.
2, 3, 13, 229
List the prime factors of 107472.
2, 3, 2239
List the prime factors of 1364.
2, 11, 31
What are the prime factors of 125112?
2, 3, 13, 401
What are the prime factors of 686?
2, 7
List the prime factors of 28910.
2, 5, 7, 59
What are the prime factors of 52250?
2, 5, 11, 19
What are the prime factors of 10951?
47, 233
List the prime factors of 761.
761
What are the prime factors of 478?
2, 239
What are the prime factors of 11831?
11831
List the prime factors of 10106.
2, 31, 163
What are the prime factors of 26056?
2, 3257
List the prime factors of 7414.
2, 11, 337
What are the prime factors of 3996?
2, 3, 37
List the prime factors of 983.
983
What are the prime factors of 7707?
3, 7, 367
List the prime factors of 4054.
2, 2027
What are the prime factors of 11545?
5, 2309
List the prime factors of 8639.
53, 163
What are the prime factors of 36832?
2, 1151
What are the prime factors of 6914?
2, 3457
What are the prime factors of 27687?
3, 11, 839
List the prime factors of 70981.
70981
List the prime factors of 6281.
11, 571
List the prime factors of 131914.
2, 65957
List the prime factors of 4499.
11, 409
What are the prime factors of 3280?
2, 5, 41
What are the prime factors of 9266?
2, 41, 113
List the prime factors of 1639.
11, 149
What are the prime factors of 1312?
2, 41
What are the prime factors of 17983?
7, 367
What are the prime factors of 565?
5, 113
List the prime factors of 11367.
3, 421
What are the prime factors of 1545?
3, 5, 103
List the prime factors of 70783.
70783
List the prime factors of 22983.
3, 47, 163
What are the prime factors of 5554?
2, 2777
List the prime factors of 27031.
27031
What are the prime factors of 119922?
2, 3, 11, 23, 79
List the prime factors of 467.
467
List the prime factors of 970.
2, 5, 97
What are the prime factors of 44134?
2, 22067
What are the prime factors of 2024?
2, 11, 23
What are the prime factors of 458?
2, 229
What are the prime factors of 9442?
2, 4721
List the prime factors of 210.
2, 3, 5, 7
What are the prime factors of 106357?
106357
What are the prime factors of 4547?
4547
List the prime factors of 47092.
2, 61, 193
What are the prime factors of 6879?
3, 2293
What are the prime factors of 5333?
5333
What are the prime factors of 1246?
2, 7, 89
What are the prime factors of 26255?
5, 59, 89
List the prime factors of 5465.
5, 1093
What are the prime factors of 3995?
5, 17, 47
List the prime factors of 16963.
16963
List the prime factors of 22283.
22283
List the prime factors of 75678.
2, 3, 12613
What are the prime factors of 23140?
2, 5, 13, 89
List the prime factors of 84267.
3, 3121
List the prime factors of 31861.
151, 211
What are the prime factors of 1061?
1061
List the prime factors of 1369.
37
What are the prime factors of 5659?
5659
List the prime factors of 2368.
2, 37
List the prime factors of 6918.
2, 3, 1153
What are the prime factors of 8930?
2, 5, 19, 47
What are the prime factors of 145?
5, 29
List the prime factors of 22371.
3, 7457
List the prime factors of 203.
7, 29
List the prime factors of 394.
2, 197
List the prime factors of 13099.
13099
List the prime factors of 5280.
2, 3, 5, 11
What are the prime factors of 8492?
2, 11, 193
List the prime factors of 3668.
2, 7, 131
What are the prime factors of 2836?
2, 709
What are the prime factors of 5395?
5, 13, 83
What are the prime factors of 3956?
2, 23, 43
List the prime factors of 2219.
7, 317
What are the prime factors of 605?
5, 11
What are the prime factors of 21985?
5, 4397
List the prime factors of 3381.
3, 7, 23
What are the prime factors of 1038?
2, 3, 173
What are the prime factors of 7857?
3, 97
What are the prime factors of 5577?
3, 11, 13
List the prime factors of 422.
2, 211
List the prime factors of 10475.
5, 419
What are the prime factors of 8997?
3, 2999
List the prime factors of 4947.
3, 17, 97
What are the prime factors of 45316?
2, 11329
What are the prime factors of 6803?
6803
What are the prime factors of 10388?
2, 7, 53
What are the prime factors of 31?
31
List the prime factors of 129.
3, 43
List the prime factors of 753.
3, 251
List the prime factors of 6269.
6269
List the prime factors of 1624.
2, 7, 29
List the prime factors of 463.
463
List the prime factors of 1867.
1867
What are the prime factors of 749?
7, 107
What are the prime factors of 19197?
3, 79
List the prime factors of 2128.
2, 7, 19
What are the prime factors of 1709?
1709
List the prime factors of 19811.
11, 1801
List the prime factors of 114452.
2, 13, 31, 71
What are the prime factors of 1683?
3, 11, 17
List the prime factors of 28477.
28477
List the prime factors of 25306.
2, 12653
What are the prime factors of 890?
2, 5, 89
What are the prime factors of 1421?
7, 29
What are the prime factors of 8276?
2, 2069
What are the prime factors of 4168?
2, 521
List the prime factors of 9083.
31, 293
List the prime factors of 1788.
2, 3, 149
List the prime factors of 2625.
3, 5, 7
What are the prime factors of 8694?
2, 3, 7, 23
List the prime factors of 1310.
2, 5, 131
What are the prime factors of 74640?
2, 3, 5, 311
What are the prime factors of 4186?
2, 7, 13, 23
What are the prime factors of 3931?
3931
What are the prime factors of 78?
2, 3, 13
List the prime factors of 4746.
2, 3, 7, 113
List the prime factors of 7700.
2, 5, 7, 11
List the prime factors of 1111.
11, 101
What are the prime factors of 29099?
7, 4157
List the prime factors of 1250.
2, 5
List the p